(base 4) in base 6?
101
What is 8 (base 14) in base 8?
10
Convert 514 (base 7) to base 9.
314
-23 (base 10) to base 14
-19
-4 (base 16) to base 10
-4
-3c (base 15) to base 11
-52
What is 120 (base 3) in base 12?
13
What is 7 (base 10) in base 14?
7
Convert 1 (base 12) to base 11.
1
18 (base 16) to base 5
44
What is 1 (base 10) in base 14?
1
d (base 14) to base 15
d
Convert 7 (base 13) to base 12.
7
Convert -16 (base 9) to base 15.
-10
Convert -47 (base 10) to base 6.
-115
Convert 10 (base 10) to base 7.
13
What is -321 (base 4) in base 8?
-71
What is 2d (base 15) in base 4?
223
Convert -1b (base 14) to base 13.
-1c
-12 (base 6) to base 16
-8
Convert 245 (base 8) to base 11.
140
What is -13b (base 14) in base 13?
-162
1 (base 9) to base 6
1
Convert -11 (base 4) to base 5.
-10
11011 (base 2) to base 7
36
3 (base 14) to base 2
11
Convert -10 (base 9) to base 15.
-9
Convert -34 (base 14) to base 13.
-37
What is -14 (base 15) in base 16?
-13
-35 (base 10) to base 16
-23
Convert -4 (base 16) to base 3.
-11
What is 11 (base 2) in base 15?
3
Convert -7 (base 8) to base 7.
-10
What is 161 (base 8) in base 11?
a3
Convert -54 (base 8) to base 11.
-40
Convert -215 (base 8) to base 3.
-12020
Convert 2 (base 4) to base 12.
2
-6 (base 8) to base 3
-20
-322 (base 4) to base 6
-134
Convert 6 (base 11) to base 4.
12
What is -111 (base 3) in base 16?
-d
-15 (base 16) to base 8
-25
Convert 32 (base 7) to base 4.
113
Convert 2 (base 6) to base 13.
2
Convert -5 (base 9) to base 5.
-10
-11001 (base 2) to base 5
-100
What is -20 (base 5) in base 16?
-a
-159 (base 10) to base 9
-186
-2 (base 15) to base 13
-2
0 (base 10) to base 12
0
What is 74 (base 9) in base 16?
43
What is -49 (base 11) in base 5?
-203
What is -17 (base 12) in base 13?
-16
What is -2 (base 12) in base 13?
-2
2 (base 11) to base 10
2
What is -3 (base 15) in base 8?
-3
Convert -10001001 (base 2) to base 7.
-254
What is -57 (base 10) in base 2?
-111001
b (base 15) to base 12
b
-21 (base 3) to base 8
-7
What is -215 (base 6) in base 2?
-1010011
What is 4 (base 6) in base 9?
4
14 (base 16) to base 10
20
What is -27a (base 12) in base 3?
-112011
What is 2002 (base 3) in base 8?
70
-1 (base 11) to base 5
-1
What is 2 (base 5) in base 15?
2
-82 (base 9) to base 7
-134
What is -1025 (base 6) in base 12?
-175
Convert 2 (base 10) to base 6.
2
10 (base 5) to base 3
12
What is 201 (base 3) in base 14?
15
What is -2 (base 4) in base 7?
-2
3 (base 5) to base 2
11
Convert -29 (base 11) to base 12.
-27
12 (base 16) to base 3
200
What is 25 (base 8) in base 12?
19
Convert 3 (base 11) to base 13.
3
What is 0 (base 9) in base 6?
0
-32 (base 15) to base 12
-3b
What is cc (base 14) in base 6?
500
What is -235 (base 10) in base 16?
-eb
Convert -20 (base 3) to base 9.
-6
What is 93 (base 14) in base 11?
108
What is 1 (base 16) in base 8?
1
3 (base 5) to base 9
3
What is 13 (base 4) in base 9?
7
Convert 0 (base 2) to base 9.
0
Convert 19 (base 13) to base 9.
24
27 (base 12) to base 2
11111
Convert -3 (base 14) to base 6.
-3
-80 (base 16) to base 7
-242
Convert 147 (base 8) to base 9.
124
What is 0 (base 7) in base 16?
0
11 (base 2) to base 8
3
What is 22 (base 4) in base 3?
101
What is -2 (base 13) in base 8?
-2
What is -62 (base 8) in base 4?
-302
What is -1100011 (base 2) in base 5?
-344
What is 533 (base 7) in base 6?
1125
4 (base 9) to base 14
4
What is 5 (base 14) in base 6?
5
What is 8 (base 15) in base 2?
1000
-254 (base 6) to base 13
-82
What is 1 (base 6) in base 4?
1
What is 17 (base 9) in base 10?
16
1 (base 7) to base 12
1
Convert -2 (base 4) to base 13.
-2
What is -10010 (base 2) in base 3?
-200
Convert -31 (base 9) to base 4.
-130
Convert -503 (base 6) to base 12.
-133
Convert 315 (base 7) to base 5.
1114
Convert 2 (base 8) to base 10.
2
39 (base 15) to base 11
4a
What is 12 (base 7) in base 14?
9
What is 77 (base 10) in base 4?
1031
342 (base 5) to base 14
6d
What is -1003 (base 4) in base 6?
-151
What is -111 (base 3) in base 14?
-d
Convert e (base 15) to base 11.
13
-1 (base 13) to base 15
-1
13 (base 4) to base 2
111
What is -8 (base 9) in base 11?
-8
What is -6 (base 16) in base 10?
-6
Convert -d (base 16) to base 4.
-31
Convert -36 (base 11) to base 4.
-213
Convert -22 (base 15) to base 4.
-200
Convert d6 (base 16) to base 9.
257
3 (base 6) to base 10
3
What is 3 (base 15) in base 2?
11
What is 4 (base 11) in base 4?
10
Convert 1c (base 15) to base 7.
36
What is -13 (base 9) in base 11?
-11
Convert -3 (base 11) to base 4.
-3
What is -411 (base 7) in base 3?
-21120
-1 (base 8) to base 2
-1
Convert -113 (base 6) to base 12.
-39
Convert -2 (base 4) to base 12.
-2
Convert 2121 (base 4) to base 5.
1103
Convert -10 (base 5) to base 16.
-5
14 (base 7) to base 16
b
Convert -151 (base 7) to base 10.
-85
What is 21 (base 9) in base 12?
17
What is -2 (base 10) in base 4?
-2
Convert -14 (base 10) to base 12.
-12
-3c (base 13) to base 11
-47
What is -3 (base 6) in base 13?
-3
Convert -1011111 (base 2) to base 14.
-6b
-1 (base 14) to base 16
-1
Convert 3 (base 15) to base 2.
11
Convert 2 (base 9) to base 16.
2
What is 17 (base 8) in base 3?
120
Convert 4c (base 14) to base 16.
44
What is 6 (base 11) in base 5?
11
What is -103 (base 5) in base 13?
-22
Convert -10020 (base 3) to base 2.
-1010111
What is -4 (base 12) in base 9?
-4
2 (base 14) to base 4
2
What is -223 (base 8) in base 3?
-12110
Convert -211 (base 4) to base 5.
-122
Convert -10a (base 12) to base 6.
-414
What is -22 (base 6) in base 12?
-12
0 (base 11) to base 15
0
Convert 6 (base 15) to base 12.
6
Convert 3 (base 12) to base 4.
3
What is 4 (base 9) in base 11?
4
10 (base 4) to base 15
4
-3 (base 13) to base 3
-10
Convert 120 (base 3) to base 10.
15
-10 (base 13) to base 6
-21
What is -124 (base 5) in base 6?
-103
-2 (base 15) to base 3
-2
What is -31 (base 15) in base 14?
-34
10 (base 6) to base 5
11
What is -1000 (base 2) in base 16?
-8
What is -353 (base 6) in base 7?
-261
What is 1001000 (base 2) in base 13?
57
Convert -2112 (base 3) to base 10.
-68
Convert 275 (base 8) to base 3.
21000
Convert 4a (base 15) to base 7.
130
Convert -1 (base 12) to base 9.
-1
1a7 (base 14) to base 10
343
-2 (base 12) to base 15
-2
What is 32 (base 14) in base 16?
2c
-12 (base 11) to base 6
-21
What is 113 (base 6) in base 15?
30
What is -202 (base 3) in base 15?
-15
Convert 0 (base 15) to base 7.
0
Convert -2 (base 15) to base 3.
-2
Convert 23 (base 14) to base 10.
31
What is 14 (base 5) in base 9?
10
Convert -3 (base 15) to base 8.
-3
22 (base 3) to base 4
20
4a (base 16) to base 2
1001010
-10001 (base 2) to base 4
-101
Convert -1 (base 12) to base 15.
-1
What is 24 (base 5) in base 2?
1110
What is 31 (base 5) in base 3?
121
What is 2 (base 10) in base 7?
2
What is -17 (base 10) in base 4?
-101
What is -130 (base 4) in base 12?
-24
Convert -9 (base 16) to base 2.
-1001
Convert 3 (base 15) to base 2.
11
-2002 (base 3) to base 8
-70
Convert -4 (base 5) to base 10.
-4
-10011010 (base 2) to base 5
-1104
What is -24 (base 15) in base 9?
-37
Convert -3 (base 15) to base 14.
-3
Convert 1253 (base 6) to base 8.
501
Convert 1000 (base 2) to base 16.
8
What is 131 (base 6) in base 13?
43
What is -110 (base 2) in base 12?
-6
-63 (base 9) to base 12
-49
3a (base 13) to base 12
41
212 (base 6) to base 15
55
1 (base 16) to base 6
1
What is 122 (base 6) in base 16?
32
154 (base 6) to base 10
70
What is -1100 (base 5) in base 14?
-aa
What is 102 (base 3) in base 5?
21
-5 (base 16) to base 6
-5
What is 5 (base 16) in base 5?
10
Convert -90 (base 12) to base 11.
-99
Convert -1 (base 14) to base 6.
-1
c5 (base 16) to base 13
122
Convert -303 (base 6) to base 2.
-1101111
Convert -231 (base 4) to base 16.
-2d
-45 (base 8) to base 12
-31
17 (base 16) to base 4
113
-3c (base 16) to base 2
-111100
Convert -212 (base 6) to base 11.
-73
What is 122 (base 4) in base 3?
222
What is 15 (base 11) in base 9?
17
What is 100010 (base 2) in base 11?
31
Convert -43 (base 5) to base 2.
-10111
What is -15 (base 11) in base 16?
-10
Convert 10 (base 6) to base 14.
6
Convert 3d (base 15) to base 7.
112
What is 1010 (base 2) in base 10?
10
-26 (base 8) to base 7
-31
What is 11 (base 12) in base 10?
13
-31 (base 5) to base 9
-17
What is 2 (base 6) in base 11?
2
4 (base 5) to base 13
4
What is -16 (base 9) 